{"id":782,"date":"2024-06-12T07:31:53","date_gmt":"2024-06-12T07:31:53","guid":{"rendered":"https:\/\/raw.githubusercontent.com\/drfuri\/demo-content\/main\/ecomus\/fashion\/images\/?post_type=product&#038;p=782"},"modified":"2026-03-16T11:59:11","modified_gmt":"2026-03-16T11:59:11","slug":"oversized-motif-t-shirt","status":"publish","type":"product","link":"https:\/\/loe.com.tr\/?product=oversized-motif-t-shirt","title":{"rendered":"Oversized Motif T-shirt"},"content":{"rendered":"<p><span dir=\"auto\" style=\"vertical-align: inherit;\"><span dir=\"auto\" style=\"vertical-align: inherit;\">D\u00fc\u011fmeli g\u00f6mlek kollar\u0131 ve rahat bir sil\u00fcet. LENZING\u2122 ECOVERO\u2122 Viskon&#8217;dan \u00fcretilen, d\u00f6k\u00fcml\u00fc, k\u0131r\u0131\u015f\u0131k dokulu kuma\u015ftan dikilmi\u015ftir; bu, ormanlar, biyolojik \u00e7e\u015fitlilik ve su kaynaklar\u0131 \u00fczerindeki etkiyi azaltan bir s\u00fcre\u00e7le \u00fcretilen, sorumlu bir \u015fekilde tedarik edilen a\u011fa\u00e7 bazl\u0131 liflerdir.<\/span><\/span><\/p>\n<div class=\"em-row\">\n<div class=\"em-lg-4 em-col\">\n<h6 class=\"em-font-medium\" style=\"margin-top: 1.2rem; margin-bottom: 1.2rem;\"><span dir=\"auto\" style=\"vertical-align: inherit;\"><span dir=\"auto\" style=\"vertical-align: inherit;\">\u00d6zellikler<\/span><\/span><\/h6>\n<ul style=\"line-height: 2.4;\">\n<li><span dir=\"auto\" style=\"vertical-align: inherit;\"><span dir=\"auto\" style=\"vertical-align: inherit;\">\u00d6n d\u00fc\u011fme \u015feridi<\/span><\/span><\/li>\n<li><span dir=\"auto\" style=\"vertical-align: inherit;\"><span dir=\"auto\" style=\"vertical-align: inherit;\">Ayarlanabilir kol bantlar\u0131<\/span><\/span><\/li>\n<li><span dir=\"auto\" style=\"vertical-align: inherit;\"><span dir=\"auto\" style=\"vertical-align: inherit;\">Babaton i\u015flemeli armas\u0131, \u00f6n k\u0131s\u0131mda ve etek ucunda yer almaktad\u0131r.<\/span><\/span><\/li>\n<\/ul>\n<h6 class=\"em-font-medium\" style=\"margin-top: 1.2rem; margin-bottom: 1.2rem;\"><span dir=\"auto\" style=\"vertical-align: inherit;\"><span dir=\"auto\" style=\"vertical-align: inherit;\">Malzeme Bak\u0131m\u0131<\/span><\/span><\/h6>\n<ul style=\"line-height: 2.4; margin-bottom: 0;\">\n<li><span dir=\"auto\" style=\"vertical-align: inherit;\"><span dir=\"auto\" style=\"vertical-align: inherit;\">\u0130\u00e7erik: %100 LENZING\u2122 ECOVERO\u2122 Viskon<\/span><\/span><\/li>\n<li><span dir=\"auto\" style=\"vertical-align: inherit;\"><span dir=\"auto\" style=\"vertical-align: inherit;\">Bak\u0131m: Elde y\u0131kay\u0131n<\/span><\/span><\/li>\n<li><span dir=\"auto\" style=\"vertical-align: inherit;\"><span dir=\"auto\" style=\"vertical-align: inherit;\">\u0130thal<\/span><\/span><\/li>\n<\/ul>\n<\/div>\n<div class=\"em-lg-4 em-col\">\n<h6 class=\"em-font-medium\" style=\"margin-top: 1.2rem; margin-bottom: 1.2rem;\"><span dir=\"auto\" style=\"vertical-align: inherit;\"><span dir=\"auto\" style=\"vertical-align: inherit;\"><span dir=\"auto\" style=\"vertical-align: inherit;\"><span dir=\"auto\" style=\"vertical-align: inherit;\"><span dir=\"auto\" style=\"vertical-align: inherit;\"><span dir=\"auto\" style=\"vertical-align: inherit;\"><span dir=\"auto\" style=\"vertical-align: inherit;\"><span dir=\"auto\" style=\"vertical-align: inherit;\">Malzeme Bak\u0131m\u0131<\/span><\/span><\/span><\/span><\/span><\/span><\/span><\/span><\/h6>\n<div class=\"em-flex em-flex-align-center\" style=\"gap: 1rem; margin-bottom: 1.5rem;\"><img decoding=\"async\" src=\"https:\/\/raw.githubusercontent.com\/drfuri\/demo-content\/main\/ecomus\/home-fashion\/images\/image_demo-des_pr_1-1.png\" width=\"30\" height=\"30\" \/><span dir=\"auto\" style=\"vertical-align: inherit;\"><span dir=\"auto\" style=\"vertical-align: inherit;\">Makinede maksimum 30\u00baC&#8217;de y\u0131kay\u0131n. K\u0131sa devirde s\u0131k\u0131n.<\/span><\/span><\/div>\n<div class=\"em-flex em-flex-align-center\" style=\"gap: 1rem; margin-bottom: 1.5rem;\"><img decoding=\"async\" src=\"https:\/\/raw.githubusercontent.com\/drfuri\/demo-content\/main\/ecomus\/home-fashion\/images\/image_demo-des_pr_2-1.png\" width=\"30\" height=\"30\" \/><span dir=\"auto\" style=\"vertical-align: inherit;\"><span dir=\"auto\" style=\"vertical-align: inherit;\">Demirin maksimum s\u0131cakl\u0131\u011f\u0131 110\u00baC&#8217;dir.<\/span><\/span><\/div>\n<div class=\"em-flex em-flex-align-center\" style=\"gap: 1rem; margin-bottom: 1.5rem;\"><img decoding=\"async\" src=\"https:\/\/raw.githubusercontent.com\/drfuri\/demo-content\/main\/ecomus\/home-fashion\/images\/image_demo-des_pr_3-1.png\" width=\"30\" height=\"30\" \/><span dir=\"auto\" style=\"vertical-align: inherit;\"><span dir=\"auto\" style=\"vertical-align: inherit;\">\u00c7ama\u015f\u0131r suyu kullanmay\u0131n.<\/span><\/span><\/div>\n<div class=\"em-flex em-flex-align-center\" style=\"gap: 1rem; margin-bottom: 1.5rem;\"><img loading=\"lazy\" decoding=\"async\" src=\"https:\/\/raw.githubusercontent.com\/drfuri\/demo-content\/main\/ecomus\/home-fashion\/images\/image_demo-des_pr_4-1.png\" width=\"30\" height=\"30\" \/><span dir=\"auto\" style=\"vertical-align: inherit;\"><span dir=\"auto\" style=\"vertical-align: inherit;\">Kuru temizleme yapmay\u0131n.<\/span><\/span><\/div>\n<div class=\"em-flex em-flex-align-center\" style=\"gap: 1rem; margin-bottom: 1.5rem;\"><img loading=\"lazy\" decoding=\"async\" src=\"https:\/\/raw.githubusercontent.com\/drfuri\/demo-content\/main\/ecomus\/home-fashion\/images\/image_demo-des_pr_5-1.png\" width=\"30\" height=\"30\" \/><span dir=\"auto\" style=\"vertical-align: inherit;\"><span dir=\"auto\" style=\"vertical-align: inherit;\">Orta \u0131s\u0131da kurutma makinesinde kurutun.<\/span><\/span><\/div>\n<\/div>\n<\/div>\n","protected":false},"excerpt":{"rendered":"<p><span dir=\"auto\" style=\"vertical-align: inherit;\"><span dir=\"auto\" style=\"vertical-align: inherit;\"><span dir=\"auto\" style=\"vertical-align: inherit;\"><span dir=\"auto\" style=\"vertical-align: inherit;\"><span dir=\"auto\" style=\"vertical-align: inherit;\"><span dir=\"auto\" style=\"vertical-align: inherit;\"><span dir=\"auto\" style=\"vertical-align: inherit;\"><span dir=\"auto\" style=\"vertical-align: inherit;\">D\u00fc\u011fmeli g\u00f6mlek kollar\u0131 ve rahat bir sil\u00fcet. LENZING\u2122 ECOVERO\u2122 Viskon&#8217;dan \u00fcretilen, d\u00f6k\u00fcml\u00fc, k\u0131r\u0131\u015f\u0131k dokulu kuma\u015ftan dikilmi\u015ftir; bu, ormanlar, biyolojik \u00e7e\u015fitlilik ve su kaynaklar\u0131 \u00fczerindeki etkiyi azaltan bir s\u00fcre\u00e7le \u00fcretilen, sorumlu bir \u015fekilde tedarik edilen a\u011fa\u00e7 bazl\u0131 liflerdir.<\/span><\/span><\/span><\/span><\/span><\/span><\/span><\/span><\/p>\n","protected":false},"featured_media":790,"comment_status":"open","ping_status":"closed","template":"","meta":[],"product_brand":[49],"product_cat":[51,56],"product_tag":[],"class_list":{"0":"post-782","1":"product","2":"type-product","3":"status-publish","4":"has-post-thumbnail","6":"product_brand-patagonia","7":"product_cat-sunglasses","8":"product_cat-women","10":"first","11":"instock","12":"sale","13":"taxable","14":"shipping-taxable","15":"purchasable","16":"product-type-simple"},"_links":{"self":[{"href":"https:\/\/loe.com.tr\/index.php?rest_route=\/wp\/v2\/product\/782","targetHints":{"allow":["GET"]}}],"collection":[{"href":"https:\/\/loe.com.tr\/index.php?rest_route=\/wp\/v2\/product"}],"about":[{"href":"https:\/\/loe.com.tr\/index.php?rest_route=\/wp\/v2\/types\/product"}],"replies":[{"embeddable":true,"href":"https:\/\/loe.com.tr\/index.php?rest_route=%2Fwp%2Fv2%2Fcomments&post=782"}],"wp:featuredmedia":[{"embeddable":true,"href":"https:\/\/loe.com.tr\/index.php?rest_route=\/wp\/v2\/media\/790"}],"wp:attachment":[{"href":"https:\/\/loe.com.tr\/index.php?rest_route=%2Fwp%2Fv2%2Fmedia&parent=782"}],"wp:term":[{"taxonomy":"product_brand","embeddable":true,"href":"https:\/\/loe.com.tr\/index.php?rest_route=%2Fwp%2Fv2%2Fproduct_brand&post=782"},{"taxonomy":"product_cat","embeddable":true,"href":"https:\/\/loe.com.tr\/index.php?rest_route=%2Fwp%2Fv2%2Fproduct_cat&post=782"},{"taxonomy":"product_tag","embeddable":true,"href":"https:\/\/loe.com.tr\/index.php?rest_route=%2Fwp%2Fv2%2Fproduct_tag&post=782"}],"curies":[{"name":"wp","href":"https:\/\/api.w.org\/{rel}","templated":true}]}}